{"id":1150,"date":"2017-12-18T20:57:05","date_gmt":"2017-12-18T19:57:05","guid":{"rendered":"http:\/\/www.artloevethierry.fr\/info\/?page_id=1150"},"modified":"2018-08-11T11:02:08","modified_gmt":"2018-08-11T10:02:08","slug":"conditions-generales-de-vente","status":"publish","type":"page","link":"https:\/\/artloevethierry.fr\/info\/conditions-generales-de-vente","title":{"rendered":"Conditions g\u00e9n\u00e9rales de vente"},"content":{"rendered":"<style type=\"text\/css\">\n\t<!-- @page { margin: 2cm } P { margin-bottom: 0.21cm } --><br \/>\t<\/style>\n<p>Article 1. Application des conditions g\u00e9n\u00e9rales de vente &#8211; Opposabilit\u00e9 des conditions g\u00e9n\u00e9rales de vente<\/p>\n<p>Les pr\u00e9sentes conditions g\u00e9n\u00e9rales de ventes (CGV) sont syst\u00e9matiquement adress\u00e9es ou remises \u00e0 chaque acheteur pour lui permettre de passer commande.<br \/>\nEn cons\u00e9quence, le fait de passer commande implique l&rsquo;adh\u00e9sion enti\u00e8re et sans r\u00e9serve de l&rsquo;acheteur \u00e0 ces CGV,\u00e0 l&rsquo;exclusion de tous autres documents tels que prospectus, catalogues \u00e9mis par le vendeur et qui n&rsquo;ont qu&rsquo;une valeur indicative (sur la port\u00e9e r\u00e9elle de cette clause, cf. Lamy droit \u00e9conomique). Le fait que le vendeur ne se<br \/>\npr\u00e9vale pas \u00e0 un moment donn\u00e9 de l&rsquo;une quelconque des pr\u00e9sentes CGV ne peut \u00eatre interpr\u00e9t\u00e9 comme valant renonciation \u00e0 se pr\u00e9valoir ult\u00e9rieurement de l&rsquo;une quelconque des dites conditions.<\/p>\n<p>Article2. Modification des conditions g\u00e9n\u00e9rales de ventes.<\/p>\n<p>Les commandes ne sont d\u00e9finitives qu\u2019apr\u00e8s le versement d&rsquo;un acompte de 50% en France m\u00e9tropolitaine, 50% pour tout autre pays.<br \/>\nLe vendeur n&rsquo;est pas li\u00e9 par des commandes prises par ses repr\u00e9sentants ou employ\u00e9s que sous r\u00e9serve d&rsquo;une confirmation \u00e9crite et sign\u00e9e.<br \/>\nLe fournisseur r\u00e9pondra aux commandes en fonction de leur ordre d&rsquo;arriv\u00e9e et dans la mesure de ses disponibilit\u00e9s.<br \/>\nLe b\u00e9n\u00e9fice de la commande est personnel \u00e0 l&rsquo;acheteur et ne peut \u00eatre c\u00e9d\u00e9 sans l&rsquo;accord du vendeur.<\/p>\n<p>Article3. Modification de la commande<\/p>\n<p>Toute modification ou r\u00e9solution de commande demand\u00e9e par l&rsquo;acheteur ne peut \u00eatre prise en consid\u00e9ration que si elle est parvenue par \u00e9crit avant l&rsquo;exp\u00e9dition des produits.<br \/>\nSi le vendeur n&rsquo;accepte pas la modification ou la r\u00e9solution, les acomptes vers\u00e9s ne ne seront pas restitu\u00e9s.<br \/>\nLe vendeur se r\u00e9serve le droit d&rsquo;apporter \u00e0 tout moment toute modification qu&rsquo;il juge utile \u00e0 ses produits et de modifier sans avis pr\u00e9alable les mod\u00e8les d\u00e9finis dans ses prospectus ou catalogues.<\/p>\n<p>Article 4. Livraison<\/p>\n<p>4.1. Modalit\u00e9s<\/p>\n<p>La livraison est effectu\u00e9e soit par la remise du produit \u00e0 l&rsquo;acqu\u00e9reur, soit par simple avis de mise \u00e0 disposition, soit par d\u00e9livrance \u00e0 un exp\u00e9diteur ou un transporteur dans les locaux (ou entrep\u00f4ts) du vendeur.<br \/>\nL&rsquo;acheteur s&rsquo;engage \u00e0 prendre livraison dans les 3 mois qui suivent l&rsquo;avis de mise \u00e0 disposition.<br \/>\nCe d\u00e9lai expir\u00e9, le vendeur pourra consid\u00e9rer que la commande est annul\u00e9e et la vente unilat\u00e9ralement r\u00e9sili\u00e9e par l&rsquo;acheteur.<\/p>\n<p>4.2. D\u00e9lais<\/p>\n<p>Les livraisons ne sont op\u00e9r\u00e9es qu&rsquo;en fonction des disponibilit\u00e9s et dans l&rsquo;ordre d&rsquo;arriv\u00e9e des commandes.<br \/>\nLe vendeur est autoris\u00e9 \u00e0 proc\u00e9der \u00e0 des livraisons de fa\u00e7on globale ou partielle.<br \/>\nLes d\u00e9lais de livraison sont indiqu\u00e9s aussi exactement que possible mais sont fonction des disponibilit\u00e9s d&rsquo;approvisionnement et de transport du vendeur.<br \/>\nLes d\u00e9passements de d\u00e9lai de livraison ne peuvent donner lieu \u00e0 dommages-int\u00e9r\u00eats, \u00e0 retenue ni \u00e0 annulation des commandes en cours.<br \/>\nToutefois, si 3 mois apr\u00e8s la date de livraison le produit n&rsquo;a pas \u00e9t\u00e9 livr\u00e9, pour toute autre cause qu&rsquo;en cas de force majeure, la vente pourra, alors, \u00eatre r\u00e9solue \u00e0 la demande de l&rsquo;une ou l&rsquo;autre partie ; l&rsquo;acqu\u00e9reur pourra obtenir restitution de son acompte \u00e0 l&rsquo;exclusion de toute autre indemnit\u00e9 ou dommages-int\u00e9r\u00eats.<br \/>\nSont consid\u00e9r\u00e9s comme cas de force majeure d\u00e9chargeant le vendeur de son obligation de livrer : la guerre, l&rsquo;\u00e9meute, l&rsquo;incendie, les gr\u00e8ves, les accidents, l&rsquo;impossibilit\u00e9 pour lui-m\u00eame d&rsquo;\u00eatre approvisionn\u00e9.<br \/>\nLe vendeur tiendra l&rsquo;acheteur au courant, en temps opportun, des cas et \u00e9v\u00e9nements ci-dessus \u00e9num\u00e9r\u00e9s.<br \/>\nEn toute hypoth\u00e8se, la livraison dans les d\u00e9lais ne peut intervenir que si l&rsquo;acheteur est \u00e0 jour de ses obligations envers le vendeur, quelle qu&rsquo;en soit la clause.<\/p>\n<p>4.3. Risques<\/p>\n<p>Les produits sont livrables franco de port ou contre remboursement au lieu convenu.<br \/>\nDans tous les cas, ils voyagent aux risques et p\u00e9rils du destinataire auquel il appartient, en cas d&rsquo;avarie ou de manquant, de faire toutes les constatations n\u00e9cessaires et de r\u00e9server par acte extrajudiciaire ou par lettre recommand\u00e9e avec avis de r\u00e9ception aupr\u00e8s du transporteur, dans les trois jours qui suivent la r\u00e9ception des marchandises.<\/p>\n<p>Article 5. R\u00e9ception<\/p>\n<p>Sans pr\u00e9judice des dispositions \u00e0 prendre vis-\u00e0-vis du transporteur, les r\u00e9clamations sur les vices apparents ou sur la non-conformit\u00e9 du produit livr\u00e9 au produit command\u00e9 ou au bordereau d&rsquo;exp\u00e9dition, doivent \u00eatre formul\u00e9es par \u00e9crit dans les huit jours de l&rsquo;arriv\u00e9e des produits.<br \/>\nIl appartiendra \u00e0 l&rsquo;acheteur de fournir toute justification quant \u00e0 la r\u00e9alit\u00e9 des vices ou anomalies constat\u00e9s.<br \/>\nIl devra laisser au vendeur toute facilit\u00e9 pour proc\u00e9der \u00e0 la constatation de ces vices et pour y porter rem\u00e8de.<br \/>\nIl s&rsquo;abstiendra d&rsquo;intervenir lui-m\u00eame ou de faire intervenir un tiers \u00e0 cette fin. Pour les produits vendus en conditionn\u00e9, les poids et mesures au d\u00e9part font foi des quantit\u00e9s livr\u00e9es.<\/p>\n<p>Article 6. Retours<\/p>\n<p>6.1. Modalit\u00e9s<\/p>\n<p>Tout retour de produit doit faire l&rsquo;objet d&rsquo;un accord formel entre le vendeur et l&rsquo;acqu\u00e9reur. Tout produit retourn\u00e9 sans cet accord serait tenu \u00e0 la disposition de l&rsquo;acqu\u00e9reur et ne donnerait pas lieu \u00e0 l&rsquo;\u00e9tablissement d&rsquo;un avoir. Les frais et les risques de retour sont toujours \u00e0 la charge de l&rsquo;acqu\u00e9reur.<br \/>\nAucun retour ne sera accept\u00e9 apr\u00e8s un d\u00e9lai de 15 jours suivant la date de livraison.<br \/>\nLes marchandises renvoy\u00e9es sont accompagn\u00e9es d&rsquo;un bon de retour \u00e0 fixer sur le colis et doivent \u00eatre dans l&rsquo;\u00e9tat o\u00f9 le fournisseur les a livr\u00e9es. En cas de vice apparent ou de non-conformit\u00e9 des produits livr\u00e9s,d\u00fbment constat\u00e9 par le vendeur dans les conditions pr\u00e9vues ci-dessus, l&rsquo;acheteur pourra obtenir le remplacement gratuit, ou le remboursement des produits au choix du vendeur, \u00e0 l&rsquo;exclusion de toute indemnit\u00e9 ou dommages-int\u00e9r\u00eats.<\/p>\n<p>Article 7. Garantie<\/p>\n<p>7.1. \u00c9tendue<br \/>\nLes produits sont garantis contre tout d\u00e9faut de mati\u00e8re ou de fabrication pendant une dur\u00e9e de 1 an \u00e0 compter de la date de livraison, conform\u00e9ment au certificat de garantie.<br \/>\nLes interventions au titre de la garantie ne sauraient avoir pour effet de prolonger la dur\u00e9e de celle-ci.<br \/>\nLa pr\u00e9sentation du certificat de garantie sera rigoureusement exig\u00e9e lorsque la garantie sera invoqu\u00e9e.<br \/>\nAu titre de cette garantie, la seule obligation incombant au vendeur sera la r\u00e9paration du produit de l\u2019\u00e9l\u00e9ment reconnu d\u00e9fectueux par ses services sauf si ce mode de d\u00e9dommagement s&rsquo;av\u00e8re impossible ou disproportionn\u00e9.<br \/>\nPour b\u00e9n\u00e9ficier de la garantie, tout produit doit \u00eatre, au pr\u00e9alable, soumis au service apr\u00e8s-vente du vendeur dont l&rsquo;accord est indispensable pour tout remplacement.<br \/>\nLes frais \u00e9ventuels de port sont \u00e0 la charge de l&rsquo;acheteur.<\/p>\n<p>7.2. Exclusions<\/p>\n<p>La garantie ne joue pas pour les vices apparents.<br \/>\nSont \u00e9galement exclus les d\u00e9fauts et d\u00e9t\u00e9riorations provoqu\u00e9s par l&rsquo;usure naturelle ou par un accident ext\u00e9rieur(montage erron\u00e9, entretien d\u00e9fectueux, utilisation anormale &#8230;) ou encore par une modification du produit non pr\u00e9vue ni sp\u00e9cifi\u00e9e par le vendeur.<\/p>\n<p>Article 8. Prix<\/p>\n<p>Les produits sont fournis au prix en vigueur au moment de la passation de la commande.<br \/>\nLes prix s&rsquo;entendent nets sur la base des tarifs communiqu\u00e9s \u00e0 l&rsquo;acheteur.<br \/>\nTout imp\u00f4ts, taxe, droit ou autre prestation \u00e0 payer en application des r\u00e8glements fran\u00e7ais, ou ceux d&rsquo;un pays importateur ou d&rsquo;un pays de transit, sont \u00e0 la charge de l&rsquo;acqu\u00e9reur.<br \/>\nSauf accord \u00e9crit du fournisseur, les frais de port sont toujours \u00e0 la charge de l&rsquo;acheteur.<\/p>\n<p>Article 9.<\/p>\n<p>Facturation<\/p>\n<p>Une facture est \u00e9tablie pour chaque paiement apr\u00e8s confirmation d&rsquo;encaissement par la banque du vendeur, en cas de paiement par ch\u00e8que.<\/p>\n<p>Article 10. Paiement<\/p>\n<p>10.1. Modalit\u00e9s<\/p>\n<p>Sauf convention contraire, les r\u00e8glements seront effectu\u00e9s aux conditions suivantes:<br \/>\nFrance m\u00e9tropolitaine: 50% \u00e0 la commande, solde \u00e0 la livraison.<br \/>\nAutres pays (y compris DOM-TOM) : 50% \u00e0 la commande, 50% \u00e0 la livraison.<br \/>\nEn cas de paiement diff\u00e9r\u00e9 ou \u00e0 terme, constitue un paiement au sens du pr\u00e9sent article, non pas la simple remise en effet de commerce ou d&rsquo;un ch\u00e8que impliquant une obligation de payer, mais leur r\u00e8glement \u00e0 l&rsquo;\u00e9ch\u00e9ance convenue.<\/p>\n<p>10.2. Retard ou d\u00e9faut<\/p>\n<p>En cas de retard de paiement, le vendeur pourra suspendre toutes les commandes en cours, sans pr\u00e9judice de toute autre voie d&rsquo;action.<br \/>\nToute somme non pay\u00e9e \u00e0 l&rsquo;\u00e9ch\u00e9ance figurant sur la facture entraine de plein droit l&rsquo;application de p\u00e9nalit\u00e9 d&rsquo;un montant \u00e9gal \u00e0 une fois et demi le taux de l&rsquo;int\u00e9r\u00eat l\u00e9gal (si le taux l\u00e9gal n&rsquo;est pas fix\u00e9, le taux des p\u00e9nalit\u00e9s de retard est \u00e9gal au taux appliqu\u00e9 par la banque centrale europ\u00e9enne \u00e0 son op\u00e9ration la plus r\u00e9cente major\u00e9e de sept points. La circulaire \u00ab\u00a0Dutreil\u00a0\u00bb du 16 mai 2003 (JO 25 mai 2003, p, 8970) rappelle que les produits et charges correspondant aux p\u00e9nalit\u00e9s de retard sont respectivement rattach\u00e9s pour la d\u00e9termination du r\u00e9sultat imposable sur le revenu ou \u00e0 l&rsquo;imp\u00f4t sur les soci\u00e9t\u00e9s, \u00e0 l&rsquo;exercice de leur encaissement et leur paiement. Ces dispositions s&rsquo;appliquent \u00ab\u00a0aux p\u00e9nalit\u00e9s de retard aff\u00e9rentes \u00e0 des cr\u00e9ances et dettes n\u00e9es entre la date d&rsquo;entr\u00e9e en vigueur de la loi n\u00b02001-420 de 15 mai 2001 relative aux nouvelles r\u00e9gulations \u00e9conomiques et le 31 d\u00e9cembre 2004\u00a0\u00bb, L. fin. Rectificative pour 2002, art.20).<br \/>\nCes p\u00e9nalit\u00e9s seront exigibles sur simple demande du vendeur ou du prestataire de services. Le montant de ces int\u00e9r\u00eats de retard sera imput\u00e9 de plein droit sur toutes remises, ristournes ou rabais dus par le vendeur. En cas de d\u00e9faut de paiement, quarante-huit heures apr\u00e8s une mise en demeure rest\u00e9e infructueuse, la vente sera r\u00e9sili\u00e9e de<br \/>\nplein droit si bon semble au vendeur qui pourra demander, en r\u00e9f\u00e9r\u00e9, la restitution des produits, sans pr\u00e9judice de tous autres dommages-int\u00e9r\u00eats.<br \/>\nLa r\u00e9solution frappera non seulement la commande en cause mais, aussi, toutes les commandes impay\u00e9es ant\u00e9rieures, qu&rsquo;elles soient livr\u00e9es ou en cours de livraison et que leur paiement soit \u00e9chu ou non.<br \/>\nEn cas de paiement par effet de commerce, le d\u00e9faut de retour de l&rsquo;effet sera consid\u00e9r\u00e9 comme refus d&rsquo;acceptation assimilable \u00e0 un d\u00e9faut de paiement. De m\u00eame, lorsque le paiement \u00e9chelonn\u00e9, le non-paiement d&rsquo;une seule \u00e9ch\u00e9ance entrainera l&rsquo;exigibilit\u00e9 imm\u00e9diate de la totalit\u00e9 de la dette, sans mise en demeure.<br \/>\nDans tous les cas qui pr\u00e9c\u00e8dent, les sommes qui seraient dues pour d&rsquo;autres livraisons, ou pour toute autre cause, deviendront imm\u00e9diatement exigibles si le vendeur n&rsquo;opte pas pour la r\u00e9solution des commandes correspondantes.<br \/>\nL&rsquo;acheteur devra rembourser tous les frais occasionn\u00e9s par le recouvrement contentieux des sommes dues, y compris les honoraires d&rsquo;officiers minist\u00e9riels. Le vendeur n&rsquo;entend consentir aucun escompte pour paiement comptant ou \u00e0 une date ant\u00e9rieure \u00e0 celle r\u00e9sultant des conditions g\u00e9n\u00e9rales de vente.<\/p>\n<p>10.3. Exigence de garantie ou r\u00e8glement<\/p>\n<p>Toute d\u00e9t\u00e9rioration du cr\u00e9dit de l&rsquo;acheteur pourra justifier l&rsquo;exigence de garantie ou d&rsquo;un r\u00e8glement comptant ou par trait payable \u00e0 vue, avant l&rsquo;ex\u00e9cution des commandes re\u00e7ues. Ce sera notamment le cas si une modification dans la capacit\u00e9 du d\u00e9biteur, dans son activit\u00e9 professionnelle (ou, s&rsquo;il s&rsquo;agit d&rsquo;une soci\u00e9t\u00e9 : dans la personne des<br \/>\ndirigeants ou dans la forme de la soci\u00e9t\u00e9), ou si une cession, location, mise en nantissement ou apport de son fond de commerce a un effet d\u00e9favorable sur le cr\u00e9dit de l&rsquo;acheteur.<\/p>\n<p>Article 11. Transfert des risques<\/p>\n<p>Le transfert des risques sur les produits, m\u00eame en cas de vente convenue franco, a lieu d\u00e8s l&rsquo;exp\u00e9dition des entrep\u00f4ts du vendeur. Il en r\u00e9sulte notamment que les marchandises voyagent aux risques et p\u00e9rils de l&rsquo;acheteur, auquel il appartient en cas d&rsquo;avarie, de perte ou de manquants, de faire toutes r\u00e9serves et d&rsquo;exercer tous recours aupr\u00e8s des transporteurs responsables.<\/p>\n<p>Article 12. R\u00e9serve de propri\u00e9t\u00e9<\/p>\n<p>Les \u0153uvres et articles non encore pay\u00e9es en totalit\u00e9 restent la propri\u00e9t\u00e9 de Thierry Lo\u00e8ve, ou de ses ayants droit jusqu&rsquo;au paiement int\u00e9gral du prix par l&rsquo;acheteur. Pendant la dur\u00e9e de la r\u00e9serve de propri\u00e9t\u00e9, le client supportera la charge des risques en cas de perte ou de destruction de la chose vendue d\u00e8s sa livraison.<br \/>\nEn cas de redressement ou de liquidation judiciaire du client, la propri\u00e9t\u00e9 des services livr\u00e9s et rest\u00e9s impay\u00e9s pourra \u00eatre revendiqu\u00e9e par Thierry Lo\u00e8ve ou ses ayants droits. En cas de revente des services fournis par Thierry Lo\u00e8ve alors que le client n&rsquo;a pas r\u00e9gl\u00e9 l&rsquo;int\u00e9gralit\u00e9 du prix, celui-ci s&rsquo;engage \u00e0 informer tout acqu\u00e9reur de la pr\u00e9sente<br \/>\nclause de r\u00e9serve de propri\u00e9t\u00e9 grevant lesdits services et du droit de Thierry Lo\u00e8ve de revendiquer entre ses mains soit les services concern\u00e9s, soit le prix de celui-ci.<\/p>\n<p>Article13. Propri\u00e9t\u00e9 intellectuelle<\/p>\n<p>Thierry Lo\u00e8ve et ses ayants droits sont titulaires des droits de propri\u00e9t\u00e9 intellectuelle sur la totalit\u00e9 de ses \u0153uvres et photographies figurant sur les catalogues, brochures, site internet et documents publicitaires ou informatifs de toute nature et support que ce soit. En cons\u00e9quence, la reproduction partielle ou totale sur quelque support que ce soit, leur utilisation ainsi que la mise \u00e0 disposition de tiers sont formellement interdites sans autorisation \u00e9crite et sign\u00e9e de Thierry Lo\u00e8ve ou de ses ayants droits, pr\u00e9alablement par lui accr\u00e9dit\u00e9.<\/p>\n<p>article14. Droit de r\u00e9tractation.<\/p>\n<p>Le client dispose dans un d\u00e9lai de 7 jours ouvrables \u00e0 compter de la livraison de sa commande d&rsquo;un droit de retour,\u00e0 ses frais, pour \u00e9change ou remboursement, des produits qui ne lui conviennent pas, conform\u00e9ment \u00e0 l&rsquo;article L 121-16 du code de la consommation. Le produit retourn\u00e9 devra l&rsquo;\u00eatre dans son \u00e9tat et emballage d&rsquo;origine.<br \/>\nIl ne devra pas avoir \u00e9t\u00e9 utilis\u00e9, ni avoir subi de d\u00e9t\u00e9rioration si minime soit-elle et \u00eatre dans un \u00e9tat de propret\u00e9 parfaite. Ce droit de r\u00e9tractation s&rsquo;exerce sans p\u00e9nalit\u00e9 \u00e0 l\u2019exception des frais de retour dans un d\u00e9lai de 30 jours \u00e0<br \/>\ncompter de la r\u00e9ception du produit le client se verra rembours\u00e9 des sommes vers\u00e9es. A cet effet il communiquera \u00e0 Thierry Lo\u00e8ve ses coordonn\u00e9es bancaires.<\/p>\n<p>Article 15. Emballages &#8211; consignation<\/p>\n<p>Les emballages sont vendus aux clients. Les emballages portant la marque du vendeur ne peuvent \u00eatre utilis\u00e9s que pour ses produits et ne peuvent en aucun cas servir pour d&rsquo;autres produits que les siens. Toute infraction \u00e0 cette r\u00e8gle exposerait son auteur \u00e0 des poursuites et versement de dommages-int\u00e9r\u00eats.<\/p>\n<p>Article 16. Comp\u00e9tence &#8211; Contestation<\/p>\n<p>Les parties recherchent, avant toute action contentieuse, un accord amiable par l&rsquo;interm\u00e9diaire\u00a0 de Maitre Rov\u00e8re, avocat. Seront seuls comp\u00e9tents en cas de litige de toute nature ou de contestation relative \u00e0 la formation ou l&rsquo;ex\u00e9cution de la commande, les tribunaux de Nantes (Loire-Atlantique, France), \u00e0 moins que le vendeur ne pr\u00e9f\u00e8re<br \/>\nsaisir toute autre juridiction comp\u00e9tente (sauf pour les contrats conclus avec des consommateurs). Cette clause s&rsquo;applique m\u00eame en cas de r\u00e9f\u00e9r\u00e9, de demande incident ou de pluralit\u00e9 de paiement, sans que les clauses attributives de juridiction pouvant exister sur les documents des acheteurs puissent mettre obstacle \u00e0 application et<br \/>\n\u00e0 pr\u00e9sente clause.<\/p>\n<p>Article 17<\/p>\n<p>le droit fran\u00e7ais sera applicable<\/p>\n<p>Article 18<\/p>\n<p>La langue fran\u00e7aise fait foi.<\/p>\n","protected":false},"excerpt":{"rendered":"<p>Article 1. Application des conditions g\u00e9n\u00e9rales de vente &#8211; Opposabilit\u00e9 des conditions g\u00e9n\u00e9rales de vente Les pr\u00e9sentes conditions g\u00e9n\u00e9rales de ventes (CGV) sont syst\u00e9matiquement adress\u00e9es ou remises \u00e0 chaque acheteur pour lui permettre de passer commande. En cons\u00e9quence, le fait &hellip; <a href=\"https:\/\/artloevethierry.fr\/info\/conditions-generales-de-vente\">Continuer la lecture <span class=\"meta-nav\">&rarr;<\/span><\/a><\/p>\n","protected":false},"author":1,"featured_media":0,"parent":0,"menu_order":8,"comment_status":"closed","ping_status":"closed","template":"","meta":{"footnotes":""},"class_list":["post-1150","page","type-page","status-publish","hentry"],"_links":{"self":[{"href":"https:\/\/artloevethierry.fr\/info\/wp-json\/wp\/v2\/pages\/1150","targetHints":{"allow":["GET"]}}],"collection":[{"href":"https:\/\/artloevethierry.fr\/info\/wp-json\/wp\/v2\/pages"}],"about":[{"href":"https:\/\/artloevethierry.fr\/info\/wp-json\/wp\/v2\/types\/page"}],"author":[{"embeddable":true,"href":"https:\/\/artloevethierry.fr\/info\/wp-json\/wp\/v2\/users\/1"}],"replies":[{"embeddable":true,"href":"https:\/\/artloevethierry.fr\/info\/wp-json\/wp\/v2\/comments?post=1150"}],"version-history":[{"count":4,"href":"https:\/\/artloevethierry.fr\/info\/wp-json\/wp\/v2\/pages\/1150\/revisions"}],"predecessor-version":[{"id":1194,"href":"https:\/\/artloevethierry.fr\/info\/wp-json\/wp\/v2\/pages\/1150\/revisions\/1194"}],"wp:attachment":[{"href":"https:\/\/artloevethierry.fr\/info\/wp-json\/wp\/v2\/media?parent=1150"}],"curies":[{"name":"wp","href":"https:\/\/api.w.org\/{rel}","templated":true}]}}