{"id":707,"date":"2014-10-10T17:11:25","date_gmt":"2014-10-10T16:11:25","guid":{"rendered":"http:\/\/www.artloevethierry.fr\/info"},"modified":"2020-11-15T08:54:41","modified_gmt":"2020-11-15T07:54:41","slug":"quest-ce-quun-ferronnier-dart","status":"publish","type":"page","link":"https:\/\/artloevethierry.fr\/info\/quest-ce-quun-ferronnier-dart","title":{"rendered":"Qu&rsquo;est-ce qu&rsquo;un Ferronnier d&rsquo;Art ?"},"content":{"rendered":"<p>Un ferronnier d&rsquo;art est tout d&rsquo;abord quelqu&rsquo;un qui <strong>mod\u00e8le<\/strong> la mati\u00e8re.<\/p>\n<p>Quelqu&rsquo;un qui <strong>maitrise<\/strong> le travail au<strong> feu<\/strong> et pour cela travaille avec les<strong> quatre \u00e9l\u00e9ments.<\/strong><\/p>\n<p>C&rsquo;est ensuite quelqu&rsquo;un qui<strong> dessine<\/strong>, <strong>imagine<\/strong>.<\/p>\n<p>C&rsquo;est aussi quelqu&rsquo;un qui <strong>s&rsquo;adapte<\/strong>, qui <strong>recherche<\/strong>, qui <strong>invente<\/strong> .<\/p>\n<p>Quelqu&rsquo;un qui<strong> se forme<\/strong> en permanence, <strong>s&rsquo;informe<\/strong>.<\/p>\n<p>C&rsquo;est quelqu&rsquo;un dont<strong> le savoir-faire est mill\u00e9naire<\/strong> et qui en <strong>connait l&rsquo;histoire<\/strong>.<\/p>\n<p>C&rsquo;est aussi quelqu&rsquo;un qui doit<strong> aller au-del\u00e0<\/strong> de ce qui a d\u00e9j\u00e0 \u00e9t\u00e9 fait. Quelqu&rsquo;un qui doit \u00eatre <strong>une force de propositions<\/strong>.<\/p>\n<p>Un ferronnier d&rsquo;art<strong> maitrise<\/strong> la m\u00e9tallerie et le travail de forge. Il prend en charge les chantiers, de la rencontre avec le client \u00e0 la pose, au SAV.<\/p>\n<p>C&rsquo;est aussi quelqu&rsquo;un qui est <strong>responsable \u00e0 vie<\/strong> de son ouvrage. Il travaille dans le <strong>respect des normes<\/strong> de fabrications et de poses.<\/p>\n<p>La ferronnerie d&rsquo;art fait partie de la nomenclature officielle des m\u00e9tiers d&rsquo;art<strong>.<\/strong><\/p>\n<p><span style=\"text-decoration: underline;\"><strong>Attention \u00e0 ne pas confondre:<\/strong><\/span><\/p>\n<p>Certaines enseignes de<strong> m\u00e9tallerie<\/strong> proposent des ouvrages en fer forg\u00e9, voir s&rsquo;affichent comme ferronnerie, alors qu\u2019elles ne poss\u00e8dent pas de forge dans leur atelier. Ce sont des assembleurs de produit issus de forges industrielles.<\/p>\n<p><strong>Le r\u00e9sultat n&rsquo;a rien de comparable avec un ouvrage de ferronnerie d&rsquo;art.<\/strong><\/p>\n<p>D&rsquo;autre part <strong>m\u00e9fiez-vous<\/strong> de l\u2019appellation \u00ab\u00a0<strong>Fer Forg\u00e9<\/strong>\u00ab\u00a0: comme sont nom l&rsquo;indique une pi\u00e8ce forg\u00e9 est une pi\u00e8ce qui \u00e0 un moment de sa fabrication <strong>est pass\u00e9 au feu<\/strong>. Bien souvent de grandes enseignes proposent des ouvrages issus de l&rsquo;importation qui ont \u00e9t\u00e9 form\u00e9s \u00e0 froid<strong>.<\/strong><\/p>\n<p>Un \u00ab\u00a0artiste\u00a0\u00bb assembleur de produits de r\u00e9cup\u00e9ration n&rsquo;est pas un forc\u00e9ment un ferronnier<strong>.<br \/>\n<\/strong><\/p>\n<p><strong><span style=\"text-decoration: underline;\">Quelques m\u00e9tiers autour du travail des m\u00e9taux<\/span> : <\/strong><\/p>\n<ul>\n<li><strong><span style=\"text-decoration: underline;\">Mineur:<\/span><\/strong> extrait le minerais de fer ou le charbon fossile.<\/li>\n<li><strong><span style=\"text-decoration: underline;\">Charbonnier ( ou carbonnier )<\/span><\/strong>: fabrique le charbon de bois.<\/li>\n<li><strong><span style=\"text-decoration: underline;\">Ferrons:<\/span><\/strong> fabrique les bas fourneaux qui transforme le minerais en m\u00e9tal.<\/li>\n<li><strong><span style=\"text-decoration: underline;\"> Forgeron:<\/span><\/strong> travail les m\u00e9taux \u00e0 la forge au sens large, de l&rsquo;outil au d\u00e9cor. Itin\u00e9rant jusque \u00e0 la fin du XIX\u00e8me si\u00e8cle.<\/li>\n<li><strong><span style=\"text-decoration: underline;\">Taillandier:<\/span><\/strong> fabrique les outils.<\/li>\n<li><strong><span style=\"text-decoration: underline;\"> Ornemaniste:<\/span><\/strong> Travail les m\u00e9taux en feuilles ( t\u00f4les ) par martelage pour cr\u00e9er des ornements qui viendront agr\u00e9menter certains travaux de ferronnerie. ex: feuilles d&rsquo;acanthes.<\/li>\n<li><strong><span style=\"text-decoration: underline;\">Dinandier:<\/span><\/strong> travail le cuivre, l&rsquo;\u00e9tain, et d&rsquo;autres m\u00e9taux en feuilles pour en faire des objets usuels ou de d\u00e9coration.<\/li>\n<li><span style=\"text-decoration: underline;\"><strong>M\u00e9tallier-serrurier:<\/strong><\/span> Assembles des barres de m\u00e9tal issue de la production industrielle, principalement pour des travaux d&rsquo;architecture, de mobilier ou de d\u00e9coration. Mod\u00e8le la mati\u00e8re principalement par des moyens m\u00e9caniques et \u00e0 froid ( cintreuse, cisailles, poin\u00e7onneuse,plieuse &#8230;)<\/li>\n<li><strong><span style=\"text-decoration: underline;\"> Ferronnier d&rsquo;ex\u00e9cution:<\/span><\/strong> ex\u00e9cute des travaux de ferronnerie d&rsquo;apr\u00e8s un plan d\u2019atelier.<\/li>\n<li><span style=\"text-decoration: underline;\"><strong>Rampiste:<\/strong><\/span> Ferronnier sp\u00e9cialis\u00e9 dans le d\u00e9billardage et la r\u00e9alisation de rampes d&rsquo;escalier.<\/li>\n<\/ul>\n","protected":false},"excerpt":{"rendered":"<p>Un ferronnier d&rsquo;art est tout d&rsquo;abord quelqu&rsquo;un qui mod\u00e8le la mati\u00e8re. Quelqu&rsquo;un qui maitrise le travail au feu et pour cela travaille avec les quatre \u00e9l\u00e9ments. C&rsquo;est ensuite quelqu&rsquo;un qui dessine, imagine. C&rsquo;est aussi quelqu&rsquo;un qui s&rsquo;adapte, qui recherche, qui &hellip; <a href=\"https:\/\/artloevethierry.fr\/info\/quest-ce-quun-ferronnier-dart\">Continuer la lecture <span class=\"meta-nav\">&rarr;<\/span><\/a><\/p>\n","protected":false},"author":2,"featured_media":0,"parent":0,"menu_order":2,"comment_status":"open","ping_status":"closed","template":"","meta":{"footnotes":""},"class_list":["post-707","page","type-page","status-publish","hentry"],"_links":{"self":[{"href":"https:\/\/artloevethierry.fr\/info\/wp-json\/wp\/v2\/pages\/707","targetHints":{"allow":["GET"]}}],"collection":[{"href":"https:\/\/artloevethierry.fr\/info\/wp-json\/wp\/v2\/pages"}],"about":[{"href":"https:\/\/artloevethierry.fr\/info\/wp-json\/wp\/v2\/types\/page"}],"author":[{"embeddable":true,"href":"https:\/\/artloevethierry.fr\/info\/wp-json\/wp\/v2\/users\/2"}],"replies":[{"embeddable":true,"href":"https:\/\/artloevethierry.fr\/info\/wp-json\/wp\/v2\/comments?post=707"}],"version-history":[{"count":14,"href":"https:\/\/artloevethierry.fr\/info\/wp-json\/wp\/v2\/pages\/707\/revisions"}],"predecessor-version":[{"id":7805,"href":"https:\/\/artloevethierry.fr\/info\/wp-json\/wp\/v2\/pages\/707\/revisions\/7805"}],"wp:attachment":[{"href":"https:\/\/artloevethierry.fr\/info\/wp-json\/wp\/v2\/media?parent=707"}],"curies":[{"name":"wp","href":"https:\/\/api.w.org\/{rel}","templated":true}]}}